 - 5*f + 21 = -4*g. Calculate b(g).
22
Let l(a) = -6*a + 7. Let t(o) = 5*o - 7. Let s = -72 + 68. Let m(c) = s*t(c) - 3*l(c). Determine m(5).
-3
Let l = 15 + -10. Let x(h) be the first derivative of -h**2 - 2*h + 2. Let g(f) = 5*f + 7. Let u(c) = -3*g(c) - 8*x(c). Give u(l).
0
Let b(a) = a**2 + 13 - 19 + 25*a**2 - 5*a. Let n(h) = -27*h**2 + 6*h + 7. Let i(f) = 7*b(f) + 6*n(f). Calculate i(-1).
19
Let t(b) = b**3 + 13*b**2 + 12*b + 3. Suppose 13 + 59 = -6*q. Give t(q).
3
Let g(p) = 2*p + 16. Let w be g(-7). Suppose -w*t = -3*u + 11, -t - 3 = -u + 1. Let d(c) = -1 - u*c + c + c**2 - 1. Calculate d(3).
1
Let n(m) = 19*m - 13*m + 24 - 7*m. What is n(13)?
11
Let c(x) = x**3 + x**2 - x. Let w(j) = -5*j**3 - 11*j**2 + 13*j - 6. Let i(s) = -4*c(s) - w(s). Calculate i(-8).
14
Let g(n) be the third derivative of -n**4/12 - 5*n**3/6 - 2*n**2. Let p(y) = 8*y - 21. Let z be p(-5). Let k = -66 - z. Determine g(k).
5
Let h(f) = -3*f**2 + 7*f + 2. Suppose 2*l - 4*i - 22 = -i, 37 = 5*l - 3*i. Give h(l).
-38
Suppose 115*v = 31*v - 252. Let p(d) = -11*d - 5. Determine p(v).
28
Let w(l) = l**2 + 6*l - 1. Let a be 6/(-15) + 340/(-25). Let d = a - -8. Determine w(d).
-1
Let z(t) = -t**3 + t**2 + t. Let x(j) = -7*j**3 + 10*j**2 + 14*j + 1. Let w(q) = -x(q) + 6*z(q). Give w(6).
23
Let f(h) = -8*h + 4. Let n(i) = -i. Let w = 49 - 35. Let b(x) = w*n(x) - 2*f(x). Calculate b(6).
4
Let j(p) = 17*p**3 + 29*p**2 + 31*p + 1. Let w(d) = -3*d**3 - 6*d**2 - 5*d. Let b(k) = 2*j(k) + 11*w(k). Give b(7).
2
Let m(b) = 583*b + 589*b - 1170*b - 4. Give m(-7).
-18
Let u(f) = -6*f + 10 - 18*f**3 - 10*f**2 - 2*f + 17*f**3. Let o be u(-9). Let x(q) = q - o + 6 + 3 - 5. What is x(-4)?
-1
Let z(r) = r**3 + r**2. Let w(b) = -3*b**3 - 6*b**2 - b + 2. Let h(q) = -w(q) - 2*z(q). Let u = -11 - -7. Calculate h(u).
-6
Suppose -5*t - 5*m = -10*t + 5, 0 = m. Let q(l) = 25*l**3 - 2*l**2 + l. Calculate q(t).
24
Let x(i) = i**3 + 5*i**2 - 7*i - 8. Let k = 8 - 8. Let f be k*(-2)/(-8) - -6. Let z(g) = -g**3 + 5*g**2 + 6*g - 6. Let d be z(f). Give x(d).
-2
Let n(a) be the third derivative of a**4/24 - a**2. Suppose 27 = -13*l - 12. Give n(l).
-3
Let h(v) = 4*v + 5. Let f be h(-4). Let i(b) = -b - 4. Let d be i(f). Let z(l) = 13*l**2 - 5*l**2 - 2 + 6*l - d*l**2. Give z(-5).
-7
Let r(q) = 16*q**3 - 5*q**2 + 7*q. Let x be ((-84)/(-49))/((-3)/42*-4). Let w(n) = -32*n**3 + 11*n**2 - 15*n. Let h(c) = x*w(c) + 13*r(c). Calculate h(-1).
-16
Let r(t) be the third derivative of 0*t**5 + 0*t**3 - 1/24*t**4 + 0 + 0*t - 8*t**2 - 1/20*t**6. Give r(-1).
7
Suppose -3*v - 2 = 4, -4 = -4*k - 2*v. Let h(r) = 2*r - k + 4 + 33*r**2 - 34*r**2 + 0. Determine h(2).
2
Let m(d) = d**2 - 3*d - 4. Let k(f) = -6*f + 31. Let x be k(4). Calculate m(x).
24
Let s(c) be the second derivative of -5*c**3/6 - 74*c + 2. Calculate s(1).
-5
Let j(r) = -r**2 + r - 7. Suppose -3*q - 5*y + 6 = 1, 2*q = -3*y + 3. What is j(q)?
-7
Let g(f) be the second derivative of f**3/6 + 3*f**2 - 3*f + 24. Determine g(-6).
0
Let q(x) = -x**3 - x**2 + x + 2. Suppose -5*u = -13*u + 56. Suppose 5*n = -17 + u. Give q(n).
4
Let o(k) = -3 + 0 + 38*k - 85*k + 46*k. Give o(-6).
3
Let h(c) = -8*c - 11. Let v(j) = 4*j + 5. Let n(l) = 6*h(l) + 13*v(l). Suppose 30 = 4*u + i - 4, u = -4*i + 16. Let f be (((-165)/10)/11)/(6/u). Determine n(f).
-9
Let p be -1 - (-8 - (-2)/2). Let v(s) = 69 - 149 + 69 + 6*s. Let h(f) = -7*f + 13. Let o(x) = -3*h(x) - 4*v(x). Calculate o(p).
-13
Let b(m) be the first derivative of m**5/60 + 7*m**4/24 - m**3/2 - 3*m**2 + 14. Let h(n) be the second derivative of b(n). Give h(-8).
5
Let g(z) = -5*z**2 + 21 - 16 - 10*z**3 - 7 + 4*z**2 + 2*z. Determine g(1).
-11
Let j be 3 - 0 - 4 - 2. Let t(y) = -y**3 - y**2 + 3*y + 3. Determine t(j).
12
Suppose 5*h - b - 45 = 0, 3*h - 2 = 4*b + 8. Let m be (-2)/((8/h)/2). Let j(l) = -l**2 - 4*l + 1. Determine j(m).
-4
Let g be -12*5/30*-3. Let s(p) = -2*p**2 + 7*p**2 - 7*p + p**3 - g - p**2. Determine s(-5).
4
Let t = 225 - 223. Let w(u) = u**3 + 2*u**2 - 2*u + 2. Calculate w(t).
14
Let a(j) = -j**3 + 7*j**2 - 10*j - 7. Let g be a(3). Let b be (8 - 4)*-1 - g. Let v(k) = 0*k**2 - k + 3*k**2 + k**3 - 4 + 3. Give v(b).
2
Let a(o) = -2*o**2 - 11*o - 1. Let l = 1514 - 1520. Calculate a(l).
-7
Let c(i) be the first derivative of i**7/840 + i**6/60 + i**5/60 - i**4/4 + 11*i**3 + 23. Let h(p) be the third derivative of c(p). Calculate h(-5).
9
Let b(x) = -x - 6. Let f(q) = q + 5. Let o be 6 - (3/3 - -1). Let w(y) = o*b(y) + 6*f(y). Determine w(-5).
-4
Let b(n) = -2*n**2 - 5*n - 3. Let t be (-5)/(-3 - (-4)/2). Let p(d) = 0*d**2 - 1254 + 8*d + 3*d**2 + 1258. Let r(f) = t*p(f) + 8*b(f). Calculate r(0).
-4
Let g(k) = 515 + 4*k - 513 - k**2 + 4*k + k. What is g(10)?
-8
Let o(y) be the third derivative of y**5/10 - y**4/24 - y**2. Let j be ((-30)/105)/(((-12)/(-30))/(7/(-5))). Calculate o(j).
5
Let o(c) = 4*c - 16. Let a be -7 + (-48)/56*-14. Give o(a).
4
Let v(u) = 4*u**2 + 2*u - 3. Let h(s) = -s**3 + 12*s**2 + 12*s + 18. Let p be h(13). Let o(b) = 3*b**2 + b - 3. Let n(a) = p*o(a) - 4*v(a). Give n(-2).
-1
Let w(p) = p - 11. Let h(i) = 2*i + 29. Let o be h(-12). Suppose 3*v - 64 = -o*v. Calculate w(v).
-3
Let p(q) = -q**3 - 8*q**2 - 8*q - 10. Let y be ((-55)/(-10))/((-3)/(-12)). Let j = y + -29. Determine p(j).
-3
Let i(y) = -y**2 + 4*y + 4. Let q(s) = -s**3 - 11*s**2 - 10*s + 9. Let d be q(-10). Let b be d/6*(-2)/(-3). Let n = 3 + b. Calculate i(n).
4
Let f(x) be the third derivative of -x**8/6720 - x**7/630 - x**6/720 + x**5/40 - x**4/4 - 3*x**2. Let k(o) be the second derivative of f(o). What is k(-3)?
-3
Let i = -406 + 402. Let v(p) = -2*p - 1. Calculate v(i).
7
Let x(f) = -f**3 + 5*f**2 - 5. Let b(r) = -r**2 - 30*r - 51. Let m be b(-28). Calculate x(m).
-5
Let g(c) be the second derivative of c**3/6 - 3*c**2/2 + 2*c - 80. Calculate g(-4).
-7
Let d(v) be the second derivative of -v**4/6 - 5*v**3/3 + 2*v**2 + 92*v + 1. Give d(-5).
4
Let t(k) = -k + 15. Let i be t(8). Suppose r + i = -0. Let b = -5 - r. Let j(p) = -2*p**3 + 4*p**2 - 3*p. What is j(b)?
-6
Let v(f) = -6*f - 9 - 4*f - 3*f + 8*f + 0*f. What is v(-6)?
21
Let i(u) = 66*u - 205*u + 16 + 72*u + 66*u + 0. Determine i(6).
10
Let g(h) be the second derivative of -h**5/20 + 5*h**4/12 + 3*h**2 + 5*h. Let o be ((-10)/(-4))/(3/6). Determine g(o).
6
Let q(o) = 4*o**3 + 5*o**2 - 8*o + 23. Let s(x) = -9*x**3 - 9*x**2 + 15*x - 42. Let a(p) = -11*q(p) - 6*s(p). Let c be (1 - 0)*-1 - 0. Determine a(c).
-10
Let v(i) = 11*i - 6. Let r(l) = 4*l - 3. Let o(p) = -17*r(p) + 6*v(p). Calculate o(5).
5
Suppose c - 15 = 3*t + 4*c, -c + 19 = -3*t. Let i be -2 - -1 - 24/t. Let v(f) = 57*f + f**i - 4*f**2 - 63*f + 3 - 1. Give v(5).
-3
Let w(d) = 2*d - 33 + 25 + 5. Give w(5).
7
Let a(b) = -1 - 9*b + b**3 - 1 - 6*b**2 + 16*b. Let i be a(5). Suppose -m - m - v = -8, -i = -4*v. Let r(k) = -k**2 + 3*k - 2. Determine r(m).
-2
Let b(u) = 1832*u - 5506*u + 1834*u + 1841*u - u**3 - 2. Let k be 1 + (-2)/(-2)*-1. Give b(k).
-2
Let r(j) = -j**2 - 7*j - 4. Let m be r(-6). Let z(t) = -10*t**2 - 12*t**m + 14*t**2. Give z(-1).
-8
Let s(k) = -1 + k**2 + 2 + k + 2*k. Let x(d) = -5*d**2 - 15 + 23 - 6*d - d**2 - d**3 - 15. Let g be x(-5). Determine s(g).
-1
Let n(p) be the third derivative of -p**5/60 - p**4/12 + 7*p**3/6 - p**2. Let c be -2*(-1)/8 + 425/(-68). Calculate n(c).
-17
Let y(p) = 6*p + 14. Suppose 10*i - 60 = 30*i. What is y(i)?
-4
Let g(z) = z - 3. Let j = 4 + -6. Let v(d) = d**3 - 26*d**2 - 5*d + 132. Let r be v(26). Let w be r*1/j*-3. Give g(w).
0
Suppose -2*c = 4*c + 36. Let b(r) = r. Determine b(c).
-6
Let o(q) = -2*q + 3 + 4*q**2 - q - 3*q**2. Let z(n) be the first derivative of n**3/3 - 3*n**2/2 + 4*n - 5. Let r be z(3). Determine o(r).
7
Let z(s) = s**2 - 3*s - 5. Suppose b + r + r - 37 = 0, 0 = 4*b - 4*r - 112. Let c = 37 - b. Determine z(c).
13
Suppose -2*j + 3*g = 3*j + 50, -g + 33 = -4*j. Let r(d) = -d**3 - 7*d**2 - d - 9. Give r(j).
-2
Let f = 81 - 74. Let r(g) = g**2 + 11*g - 5. Let j(l) = l**2 + 10*l - 5. Let v = -2 - 4. Let q(z) = f*j(z) + v*r(z). Give q(-4).
-5
Let s(g) = g**2 - 2*g + 2. Suppose 7*t - 8 = 5*t. Determine s(t).
10
Let u = -181 + 178. Let v(r) = -r. Let t(p) = -p - 1. Let y(s) = 4*t(s) - 3*v(s). Calculate y(u).
-1
Suppose -3*h + l = -5*h - 3, 4*l = 3*h + 21. Let